reatest common divisor of 2132 and h.
52
Let j = 1104882 + -1104768. Let q be (-1)/2 - 14/(-4). Let b = q + 3. Calculate the greatest common divisor of j and b.
6
Suppose -7*j = 158*j - 297825. What is the greatest common factor of j and 10?
5
Suppose 4*z + 160 = -30*l + 31*l, z + 4 = 0. Let v be ((-14)/(-5))/(1/(-45)). Let n = l + v. What is the highest common factor of n and 45?
9
Let t(c) = -2*c**2 + 91*c + 0*c**2 + 14 - 248*c + c**2 + 123*c. Let w be t(-32). What is the greatest common divisor of w and 26?
26
Suppose -2*j + 6*j = 136. Let q(b) = 10*b**2 - 5*b - 13. Let n be q(4). Let y = -76 + n. What is the highest common divisor of y and j?
17
Suppose -350*p + 367*p - 39440 = 0. Calculate the greatest common divisor of p and 80.
80
Let y(k) = -111*k + 281. Let l be y(10). Let z = 850 + l. What is the greatest common factor of 27 and z?
3
Let h be 7*-48 + (-4 + -2)/(-2). Let r = h - -353. Suppose 3*v - 669 = -3*a, 2*a = -0*v - v + 226. What is the highest common divisor of r and v?
20
Let n = -60519 - -102069. What is the greatest common divisor of n and 150?
150
Let x(v) = -v**2 + 5*v + 13. Let u be x(6). Suppose 63 = u*y - 4*y. Suppose -3*k + 3 = -y. What is the greatest common divisor of k and 64?
8
Let u(f) = -6*f + 85. Let m(t) = 21*t**2 - 8*t. Let n be m(1). Let c be u(n). Let l be 75 - (-4 - (0 + -2)). Calculate the highest common divisor of l and c.
7
Let w(x) = x**2 - 5*x + 9. Let d be w(4). Suppose d*y = 39 - 14. Suppose y*c + 3*v - 105 = -0*c, -v + 5 = 0. Calculate the greatest common factor of 45 and c.
9
Let o = -168 + 153. Let r(d) = -2*d - 4. Let q be r(-3). Let a be (5/o)/(q/(-72)). What is the greatest common divisor of a and 18?
6
Let j be ((-4)/96*-438)/(1/4). Suppose -11*c + j = -4. What is the highest common divisor of 7 and c?
7
Suppose 4*i - 103 - 45 = 0. Suppose 3*p - i*p + 5202 = 0. Calculate the highest common factor of p and 17.
17
Let p = 9 + 1. Suppose q + 2*r = 3*q - p, 4*r + 14 = 2*q. Suppose 4*m + 45 = v, q*v + 40 = 5*v + 2*m. What is the greatest common factor of 25 and v?
25
Suppose 58*x - 3*i = 62*x - 1124, -3*x + 2*i + 860 = 0. What is the highest common divisor of 188 and x?
4
Let w = 664 + 6615. What is the highest common factor of w and 58?
29
Suppose -2*a = t + 40, 22*t - 24*t - 90 = 2*a. Let z be 525/t*((-6)/3 + 0). Calculate the greatest common factor of z and 56.
7
Let j(f) = 75*f**2 + 36*f - 319. Let l be j(7). What is the highest common divisor of 20 and l?
4
Suppose 48752 = -909*b + 925*b. What is the greatest common divisor of b and 22?
11
Suppose -4*c + 10*c + 234 = 0. Let w be (-137)/(-3) + (-1)/(-3). Let s = w + c. Calculate the highest common divisor of s and 7.
7
Suppose -3*r - 28*s = -23*s - 19935, -5*r + 2*s + 33194 = 0. What is the greatest common divisor of 80 and r?
80
Let n = 73 + 2. Suppose 0 = 6*c - n - 153. Let a = c + -17. Calculate the greatest common factor of a and 63.
21
Let a = 255 + -206. Let m(s) = 2*s**2 - 94*s - 130. Let b be m(a). What is the highest common factor of b and 165?
33
Let d = -11 - -21. Let j = -16 - -8. Let l(r) = -r**3 - 8*r**2 - 2*r + 14. Let m be l(j). Calculate the highest common factor of m and d.
10
Suppose -k + 15 = 6. Suppose k*d = 528 - 42. Calculate the greatest common divisor of d and 243.
27
Suppose -6849 = -13*c - 4665. What is the highest common factor of c and 1764?
84
Suppose 0*c + c - 16 = 0. Suppose c*z - 10*z - 156 = 0. Suppose 404 + 636 = 5*p. What is the highest common factor of z and p?
26
Suppose -1411 = -11*h + 20941. Calculate the highest common factor of 16 and h.
16
Let j = 105161 - 105158. Let b = 63 - 23. Suppose -4*t - 3*o = -6*t + 6, 4*t - b = -o. What is the highest common divisor of j and t?
3
Suppose 0*a - 314 = 8*a - 2602. What is the highest common divisor of a and 234?
26
Suppose -86*g + 13311 = 3*x - 83*g, 0 = 2*x + g - 8875. What is the highest common divisor of 14 and x?
14
Suppose 4*t - t = 7*t. Suppose -47*i + 48*i - 4 = t. What is the highest common factor of 52 and i?
4
Suppose -5*z + 2*d - 518 = 0, -12*d + 9*d - 211 = 2*z. Let v = -82 - z. What is the highest common divisor of v and 44?
22
Let b be (3 + -21)*2/(-4). Suppose 6*n - 15 + b = 0. Calculate the greatest common factor of n and 3.
1
Suppose -13*s + 20 = -12*s. Suppose 2*l + s = 136. Suppose 8*z - 7*z = 145. What is the highest common divisor of l and z?
29
Let a(y) = -18*y + 111. Let f be a(-2). What is the greatest common divisor of 9 and f?
3
Let q be (-3)/(-5) + (-1928)/5. Let p = q - -388. Calculate the highest common divisor of p and 8.
1
Suppose -2*r + 144 - 98 = 0. Suppose 79 = v - 97. Let c = v - -77. What is the greatest common divisor of c and r?
23
Suppose 716*z - 2*l - 14 = 712*z, -5*z + l = -13. Suppose -5*g = -6*g - 12. Let v = 22 + g. Calculate the greatest common divisor of z and v.
2
Let x be (((-4)/3)/1)/(((-2280)/(-318285))/(-76)). Calculate the greatest common divisor of x and 22.
22
Let k(y) = -10*y + 51. Suppose 7*f - 60 = -5*f. Let a be k(f). What is the highest common factor of 119 and a?
1
Let t(l) = -10*l + 124. Let c be t(6). Suppose 3*y - 240 = -0*y. Calculate the highest common divisor of y and c.
16
Let b = -5169 - -5222. What is the greatest common divisor of b and 1?
1
Suppose z - 8*f + 3*f = -105, -f = 3*z + 379. Let d = z + 170. Calculate the greatest common divisor of 81 and d.
9
Let a be 2079/12 + -6 + 6/8. Let q(c) = -3*c + 42. Let b be q(9). Suppose -18*l + b*l = -42. What is the highest common factor of a and l?
14
Suppose 4*i + 40 + 4 = 2*h, 0 = 3*h + 2*i - 34. Calculate the highest common divisor of h and 2611.
7
Let r = -42 + 78. Let t = r + -36. Suppose -q + 41 = -t*q + 3*i, 0 = 5*q - 4*i - 110. What is the highest common factor of q and 26?
26
Let o = -681 - -36. Let m = -575 - o. Let d = 40 - 12. What is the highest common divisor of m and d?
14
Suppose -3*k = -15, 14*d - 17*d = -5*k - 470. Suppose 3*u + 24 - d = 0. What is the greatest common factor of 235 and u?
47
Let n be (1 - 40/12) + 2 + 46/3. What is the greatest common divisor of n and 23145?
15
Let x be 12 + 2/(-5)*-5. Let j be (2 + 0)*(-217)/x. Let v = j - -51. What is the highest common divisor of 10 and v?
10
Let o(y) = -2*y**2 - 132*y - 2104. Let u be o(-28). Let t be (10/(-4))/(1/(-16)). Calculate the highest common factor of u and t.
8
Let t be ((-8)/6)/(((-191)/1146)/((-17)/(-2))). Calculate the greatest common factor of 3298 and t.
34
Suppose 4*l - 106 = -3*s + 6*l, 2*s + 3*l = 49. Calculate the greatest common factor of 1568 and s.
32
Let p = 567 + -561. Calculate the greatest common factor of p and 482.
2
Let s(z) be the first derivative of z**2/2 + 31*z - 15. Let t be s(8). What is the highest common factor of 507 and t?
39
Suppose 13*g = 70 + 2114. Let p be 12/g*7 - (-781)/2. Calculate the highest common divisor of p and 17.
17
Let u = -18 - -20. Suppose 5*o = -5, u*l = l - 4*o + 31. Suppose 6*a = a + l. Calculate the highest common factor of 70 and a.
7
Let w = -42544 + 44749. Calculate the greatest common divisor of 945 and w.
315
Let r = -262 + 257. Let f be r + 9 - 3 - -179. What is the highest common factor of 18 and f?
18
Let q(n) = -17*n - 1. Let d be q(-2). Suppose -v - v + 4*t = -242, 0 = -4*v + t + 484. Suppose 0 = 7*g - v - 33. What is the greatest common divisor of g and d?
11
Let y(q) = 388*q - 7365. Let o be y(19). Suppose -2*l = 2*t - 122, -6 = -5*t + 19. Calculate the highest common factor of o and l.
7
Let p = 6126 + -5685. What is the highest common divisor of p and 1617?
147
Let o = 757 + -541. Suppose -1615 - 923 = -47*j. Calculate the highest common divisor of j and o.
54
Suppose -4986 - 5014 = -36*g - 2080. What is the greatest common divisor of 1034 and g?
22
Suppose 0 = 24*p - 551 - 313. Calculate the highest common factor of p and 92.
4
Let u(w) = -w - 23. Let x be u(-11). Let m = 23 + x. Let b = -108 - -141. Calculate the greatest common factor of b and m.
11
Let k be (20/(-60))/(1/9). Let m be 56/16 + k + (-122)/(-4). Suppose 0 = 4*y - 17 - m. What is the greatest common divisor of 4 and y?
4
Let p(n) = -22 - 6*n + 226*n**2 - 225*n**2 - 45. Let k be p(17). Suppose -6*t + 60 = -2*t. What is the greatest common factor of k and t?
15
Let x be (-1 + 6)*(-4369)/(-1285). Calculate the highest common divisor of 